{"id":30,"date":"2026-05-08T12:17:28","date_gmt":"2026-05-08T12:17:28","guid":{"rendered":"https:\/\/www.tontonrunning.fr\/?page_id=30"},"modified":"2026-05-08T15:02:03","modified_gmt":"2026-05-08T15:02:03","slug":"hall-of-dnf","status":"publish","type":"page","link":"https:\/\/www.tontonrunning.fr\/?page_id=30","title":{"rendered":"Hall of DNF"},"content":{"rendered":"\n<h2 class=\"wp-block-heading\">La Tontonfr\u00e9rie du DNF<\/h2>\n\n\n\n<p><em>\u00ab\u00a0Bienvenue dans la Tontonfr\u00e9rie du DNF. Ici, chaque abandon est une victoire de lucidit\u00e9. Chaque DNS, un acte de bravoure. D\u00e9posez votre candidature, recevez votre m\u00e9daille virtuelle, et prenez place parmi les Grands.<\/em><\/p>\n\n\n\n<p><em>Et si vous voulez balancer votre plus humble copain&#8230; c&rsquo;est par ici aussi.\u00a0\u00bb<\/em>&nbsp;&#x1f3c5;<\/p>\n\n\n\n<hr class=\"wp-block-separator has-alpha-channel-opacity\"\/>\n\n\n\n<h2 class=\"wp-block-heading\">Rejoindre la Tontonfr\u00e9rie<\/h2>\n\n\n<style id=\"wpforms-css-vars-44-block-9f571ba3-5abd-4649-acdb-1aedb868570c\">\n\t\t\t\t#wpforms-44.wpforms-block-9f571ba3-5abd-4649-acdb-1aedb868570c {\n\t\t\t\t--wpforms-field-background-color: #fefcec;\n--wpforms-field-border-color: #1b3b03;\n--wpforms-field-border-color-spare: #1b3b03;\n--wpforms-field-size-input-height: 43px;\n--wpforms-field-size-input-spacing: 15px;\n--wpforms-field-size-font-size: 16px;\n--wpforms-field-size-line-height: 19px;\n--wpforms-field-size-padding-h: 14px;\n--wpforms-field-size-checkbox-size: 16px;\n--wpforms-field-size-sublabel-spacing: 5px;\n--wpforms-field-size-icon-size: 1;\n--wpforms-label-size-font-size: 16px;\n--wpforms-label-size-line-height: 19px;\n--wpforms-label-size-sublabel-font-size: 14px;\n--wpforms-label-size-sublabel-line-height: 17px;\n--wpforms-button-size-font-size: 17px;\n--wpforms-button-size-height: 41px;\n--wpforms-button-size-padding-h: 15px;\n--wpforms-button-size-margin-top: 10px;\n\t\t\t}\n\t\t\t<\/style><div class=\"wpforms-container wpforms-container-full wpforms-block wpforms-block-9f571ba3-5abd-4649-acdb-1aedb868570c wpforms-render-modern\" id=\"wpforms-44\"><form id=\"wpforms-form-44\" class=\"wpforms-validate wpforms-form wpforms-ajax-form\" data-formid=\"44\" method=\"post\" enctype=\"multipart\/form-data\" action=\"\/index.php?rest_route=%2Fwp%2Fv2%2Fpages%2F30\" data-token=\"33b8fc9df333419b8959220d03e1f881\" data-token-time=\"1778253169\"><noscript class=\"wpforms-error-noscript\">Veuillez activer JavaScript dans votre navigateur pour remplir ce formulaire.<\/noscript><div id=\"wpforms-error-noscript\" style=\"display: none;\">Veuillez activer JavaScript dans votre navigateur pour remplir ce formulaire.<\/div><div class=\"wpforms-field-container\"><div id=\"wpforms-44-field_1-container\" class=\"wpforms-field wpforms-field-name\" data-field-id=\"1\"><fieldset><legend class=\"wpforms-field-label\">Nom <span class=\"wpforms-required-label\" aria-hidden=\"true\">*<\/span><\/legend><div class=\"wpforms-field-row wpforms-field-medium\"><div class=\"wpforms-field-row-block wpforms-first wpforms-one-half\"><input type=\"text\" id=\"wpforms-44-field_1\" class=\"wpforms-field-name-first wpforms-field-required\" name=\"wpforms[fields][1][first]\" aria-errormessage=\"wpforms-44-field_1-error\" aria-describedby=\"wpforms-44-field_1-description\" required><label for=\"wpforms-44-field_1\" class=\"wpforms-field-sublabel after\">Pr\u00e9nom<\/label><\/div><div class=\"wpforms-field-row-block wpforms-one-half\"><input type=\"text\" id=\"wpforms-44-field_1-last\" class=\"wpforms-field-name-last wpforms-field-required\" name=\"wpforms[fields][1][last]\" aria-errormessage=\"wpforms-44-field_1-last-error\" aria-describedby=\"wpforms-44-field_1-description\" required><label for=\"wpforms-44-field_1-last\" class=\"wpforms-field-sublabel after\">Nom<\/label><\/div><\/div><div id=\"wpforms-44-field_1-description\" class=\"wpforms-field-description\">Ton nom et pr\u00e9nom m\u00eame si tu balances un pote<\/div><\/fieldset><\/div><div id=\"wpforms-44-field_2-container\" class=\"wpforms-field wpforms-field-email\" data-field-id=\"2\"><label class=\"wpforms-field-label\" for=\"wpforms-44-field_2\">E-mail <span class=\"wpforms-required-label\" aria-hidden=\"true\">*<\/span><\/label><input type=\"email\" id=\"wpforms-44-field_2\" class=\"wpforms-field-medium wpforms-field-required\" name=\"wpforms[fields][2]\" spellcheck=\"false\" aria-errormessage=\"wpforms-44-field_2-error\" aria-describedby=\"wpforms-44-field_2-description\" required><div id=\"wpforms-44-field_2-description\" class=\"wpforms-field-description\">ton email m\u00eame si tu balances un pote<\/div><\/div><div id=\"wpforms-44-field_3-container\" class=\"wpforms-field wpforms-field-textarea\" data-field-id=\"3\"><label class=\"wpforms-field-label\" for=\"wpforms-44-field_3\">\ud83d\ude2d Votre excuse officielle  <span class=\"wpforms-required-label\" aria-hidden=\"true\">*<\/span><\/label><textarea id=\"wpforms-44-field_3\" class=\"wpforms-field-medium wpforms-field-required\" name=\"wpforms[fields][3]\" aria-errormessage=\"wpforms-44-field_3-error\" required><\/textarea><\/div><div id=\"wpforms-44-field_4-container\" class=\"wpforms-field wpforms-field-text\" data-field-id=\"4\"><label class=\"wpforms-field-label\" for=\"wpforms-44-field_4\">\ud83c\udfc1 Nom de la course de la honte  <span class=\"wpforms-required-label\" aria-hidden=\"true\">*<\/span><\/label><input type=\"text\" id=\"wpforms-44-field_4\" class=\"wpforms-field-medium wpforms-field-required\" name=\"wpforms[fields][4]\" aria-errormessage=\"wpforms-44-field_4-error\" required><\/div>\t\t<div id=\"wpforms-44-field_7-container\"\n\t\t\tclass=\"wpforms-field wpforms-field-text\"\n\t\t\tdata-field-type=\"text\"\n\t\t\tdata-field-id=\"7\"\n\t\t\t>\n\t\t\t<label class=\"wpforms-field-label\" for=\"wpforms-44-field_7\" >d&#039;abandon excuse \ud83d\ude08<\/label>\n\t\t\t<input type=\"text\" id=\"wpforms-44-field_7\" class=\"wpforms-field-medium\" name=\"wpforms[fields][7]\" >\n\t\t<\/div>\n\t\t<div id=\"wpforms-44-field_5-container\" class=\"wpforms-field wpforms-field-text\" data-field-id=\"5\"><label class=\"wpforms-field-label\" for=\"wpforms-44-field_5\">\ud83d\udccd Kilom\u00e8tre d&#039;abandon <span class=\"wpforms-required-label\" aria-hidden=\"true\">*<\/span><\/label><input type=\"text\" id=\"wpforms-44-field_5\" class=\"wpforms-field-medium wpforms-field-required\" name=\"wpforms[fields][5]\" aria-errormessage=\"wpforms-44-field_5-error\" aria-describedby=\"wpforms-44-field_5-description\" required><div id=\"wpforms-44-field_5-description\" class=\"wpforms-field-description\">Renseigne sur combien au total \n(mesure en KM)<\/div><\/div><div id=\"wpforms-44-field_6-container\" class=\"wpforms-field wpforms-field-text\" data-field-id=\"6\"><label class=\"wpforms-field-label\" for=\"wpforms-44-field_6\">\ud83d\ude08 Balance ton pote (optionnel) <\/label><input type=\"text\" id=\"wpforms-44-field_6\" class=\"wpforms-field-medium\" name=\"wpforms[fields][6]\" aria-errormessage=\"wpforms-44-field_6-error\" aria-describedby=\"wpforms-44-field_6-description\" ><div id=\"wpforms-44-field_6-description\" class=\"wpforms-field-description\">SI tu remplis ce formulaire pour un copain, entre son nom\/surnom ici.<\/div><\/div><script>\n\t\t\t\t( function() {\n\t\t\t\t\tconst style = document.createElement( 'style' );\n\t\t\t\t\tstyle.appendChild( document.createTextNode( '#wpforms-44-field_7-container { position: absolute !important; overflow: hidden !important; display: inline !important; height: 1px !important; width: 1px !important; z-index: -1000 !important; padding: 0 !important; } #wpforms-44-field_7-container input { visibility: hidden; } #wpforms-conversational-form-page #wpforms-44-field_7-container label { counter-increment: none; }' ) );\n\t\t\t\t\tdocument.head.appendChild( style );\n\t\t\t\t\tdocument.currentScript?.remove();\n\t\t\t\t} )();\n\t\t\t<\/script><\/div><!-- .wpforms-field-container --><div class=\"wpforms-submit-container\" ><input type=\"hidden\" name=\"wpforms[id]\" value=\"44\"><input type=\"hidden\" name=\"page_title\" value=\"\"><input type=\"hidden\" name=\"page_url\" value=\"https:\/\/www.tontonrunning.fr\/index.php?rest_route=\/wp\/v2\/pages\/30\"><input type=\"hidden\" name=\"url_referer\" value=\"\"><button type=\"submit\" name=\"wpforms[submit]\" id=\"wpforms-submit-44\" class=\"wpforms-submit\" data-alt-text=\"Envoi...\" data-submit-text=\"Envoyer\" aria-live=\"assertive\" value=\"wpforms-submit\">Envoyer<\/button><img loading=\"lazy\" decoding=\"async\" src=\"https:\/\/www.tontonrunning.fr\/wp-content\/plugins\/wpforms-lite\/assets\/images\/submit-spin.svg\" class=\"wpforms-submit-spinner\" style=\"display: none;\" width=\"26\" height=\"26\" alt=\"Chargement en cours\"><\/div><\/form><\/div>  <!-- .wpforms-container -->","protected":false},"excerpt":{"rendered":"<p>La Tontonfr\u00e9rie du DNF \u00ab\u00a0Bienvenue dans la Tontonfr\u00e9rie du DNF. Ici, chaque abandon est une victoire de lucidit\u00e9. Chaque DNS, un acte de bravoure. D\u00e9posez votre candidature, recevez votre m\u00e9daille virtuelle, et prenez place parmi les Grands. Et si vous voulez balancer votre plus humble copain&#8230; c&rsquo;est par ici aussi.\u00a0\u00bb&nbsp;&#x1f3c5; Rejoindre la Tontonfr\u00e9rie<\/p>\n","protected":false},"author":1,"featured_media":0,"parent":0,"menu_order":0,"comment_status":"closed","ping_status":"closed","template":"","meta":{"footnotes":""},"class_list":["post-30","page","type-page","status-publish","hentry"],"yoast_head":"<!-- This site is optimized with the Yoast SEO plugin v27.5 - https:\/\/yoast.com\/product\/yoast-seo-wordpress\/ -->\n<title>Hall of DNF - Tonton Running<\/title>\n<meta name=\"description\" content=\"Hall of Fame du DNF en course \u00e0 pied : partage tes abandons marathon, trail et semi-marathon, d\u00e9couvre les pires excuses de runners et rejoins la Tontonfr\u00e9rie. Tonton Running\" \/>\n<meta name=\"robots\" content=\"index, follow, max-snippet:-1, max-image-preview:large, max-video-preview:-1\" \/>\n<link rel=\"canonical\" href=\"https:\/\/www.tontonrunning.fr\/?page_id=30\" \/>\n<meta property=\"og:locale\" content=\"fr_FR\" \/>\n<meta property=\"og:type\" content=\"article\" \/>\n<meta property=\"og:title\" content=\"Hall of DNF - Tonton Running\" \/>\n<meta property=\"og:description\" content=\"Hall of Fame du DNF en course \u00e0 pied : partage tes abandons marathon, trail et semi-marathon, d\u00e9couvre les pires excuses de runners et rejoins la Tontonfr\u00e9rie. Tonton Running\" \/>\n<meta property=\"og:url\" content=\"https:\/\/www.tontonrunning.fr\/?page_id=30\" \/>\n<meta property=\"og:site_name\" content=\"Tonton Running\" \/>\n<meta property=\"article:modified_time\" content=\"2026-05-08T15:02:03+00:00\" \/>\n<meta name=\"twitter:card\" content=\"summary_large_image\" \/>\n<meta name=\"twitter:label1\" content=\"Dur\u00e9e de lecture estim\u00e9e\" \/>\n\t<meta name=\"twitter:data1\" content=\"1 minute\" \/>\n<script type=\"application\/ld+json\" class=\"yoast-schema-graph\">{\"@context\":\"https:\\\/\\\/schema.org\",\"@graph\":[{\"@type\":\"WebPage\",\"@id\":\"https:\\\/\\\/www.tontonrunning.fr\\\/?page_id=30\",\"url\":\"https:\\\/\\\/www.tontonrunning.fr\\\/?page_id=30\",\"name\":\"Hall of DNF - Tonton Running\",\"isPartOf\":{\"@id\":\"https:\\\/\\\/www.tontonrunning.fr\\\/#website\"},\"datePublished\":\"2026-05-08T12:17:28+00:00\",\"dateModified\":\"2026-05-08T15:02:03+00:00\",\"description\":\"Hall of Fame du DNF en course \u00e0 pied : partage tes abandons marathon, trail et semi-marathon, d\u00e9couvre les pires excuses de runners et rejoins la Tontonfr\u00e9rie. Tonton Running\",\"breadcrumb\":{\"@id\":\"https:\\\/\\\/www.tontonrunning.fr\\\/?page_id=30#breadcrumb\"},\"inLanguage\":\"fr-FR\",\"potentialAction\":[{\"@type\":\"ReadAction\",\"target\":[\"https:\\\/\\\/www.tontonrunning.fr\\\/?page_id=30\"]}]},{\"@type\":\"BreadcrumbList\",\"@id\":\"https:\\\/\\\/www.tontonrunning.fr\\\/?page_id=30#breadcrumb\",\"itemListElement\":[{\"@type\":\"ListItem\",\"position\":1,\"name\":\"Accueil\",\"item\":\"https:\\\/\\\/www.tontonrunning.fr\\\/\"},{\"@type\":\"ListItem\",\"position\":2,\"name\":\"Hall of DNF\"}]},{\"@type\":\"WebSite\",\"@id\":\"https:\\\/\\\/www.tontonrunning.fr\\\/#website\",\"url\":\"https:\\\/\\\/www.tontonrunning.fr\\\/\",\"name\":\"Tonton Running\",\"description\":\"Sport amateur, conseils utiles et humour de daron fatigu&eacute;.\",\"publisher\":{\"@id\":\"https:\\\/\\\/www.tontonrunning.fr\\\/#organization\"},\"potentialAction\":[{\"@type\":\"SearchAction\",\"target\":{\"@type\":\"EntryPoint\",\"urlTemplate\":\"https:\\\/\\\/www.tontonrunning.fr\\\/?s={search_term_string}\"},\"query-input\":{\"@type\":\"PropertyValueSpecification\",\"valueRequired\":true,\"valueName\":\"search_term_string\"}}],\"inLanguage\":\"fr-FR\"},{\"@type\":\"Organization\",\"@id\":\"https:\\\/\\\/www.tontonrunning.fr\\\/#organization\",\"name\":\"Tonton Running\",\"url\":\"https:\\\/\\\/www.tontonrunning.fr\\\/\",\"logo\":{\"@type\":\"ImageObject\",\"inLanguage\":\"fr-FR\",\"@id\":\"https:\\\/\\\/www.tontonrunning.fr\\\/#\\\/schema\\\/logo\\\/image\\\/\",\"url\":\"https:\\\/\\\/www.tontonrunning.fr\\\/wp-content\\\/uploads\\\/2026\\\/05\\\/Tontonrunning.png\",\"contentUrl\":\"https:\\\/\\\/www.tontonrunning.fr\\\/wp-content\\\/uploads\\\/2026\\\/05\\\/Tontonrunning.png\",\"width\":1254,\"height\":1254,\"caption\":\"Tonton Running\"},\"image\":{\"@id\":\"https:\\\/\\\/www.tontonrunning.fr\\\/#\\\/schema\\\/logo\\\/image\\\/\"}}]}<\/script>\n<!-- \/ Yoast SEO plugin. -->","yoast_head_json":{"title":"Hall of DNF - Tonton Running","description":"Hall of Fame du DNF en course \u00e0 pied : partage tes abandons marathon, trail et semi-marathon, d\u00e9couvre les pires excuses de runners et rejoins la Tontonfr\u00e9rie. Tonton Running","robots":{"index":"index","follow":"follow","max-snippet":"max-snippet:-1","max-image-preview":"max-image-preview:large","max-video-preview":"max-video-preview:-1"},"canonical":"https:\/\/www.tontonrunning.fr\/?page_id=30","og_locale":"fr_FR","og_type":"article","og_title":"Hall of DNF - Tonton Running","og_description":"Hall of Fame du DNF en course \u00e0 pied : partage tes abandons marathon, trail et semi-marathon, d\u00e9couvre les pires excuses de runners et rejoins la Tontonfr\u00e9rie. Tonton Running","og_url":"https:\/\/www.tontonrunning.fr\/?page_id=30","og_site_name":"Tonton Running","article_modified_time":"2026-05-08T15:02:03+00:00","twitter_card":"summary_large_image","twitter_misc":{"Dur\u00e9e de lecture estim\u00e9e":"1 minute"},"schema":{"@context":"https:\/\/schema.org","@graph":[{"@type":"WebPage","@id":"https:\/\/www.tontonrunning.fr\/?page_id=30","url":"https:\/\/www.tontonrunning.fr\/?page_id=30","name":"Hall of DNF - Tonton Running","isPartOf":{"@id":"https:\/\/www.tontonrunning.fr\/#website"},"datePublished":"2026-05-08T12:17:28+00:00","dateModified":"2026-05-08T15:02:03+00:00","description":"Hall of Fame du DNF en course \u00e0 pied : partage tes abandons marathon, trail et semi-marathon, d\u00e9couvre les pires excuses de runners et rejoins la Tontonfr\u00e9rie. Tonton Running","breadcrumb":{"@id":"https:\/\/www.tontonrunning.fr\/?page_id=30#breadcrumb"},"inLanguage":"fr-FR","potentialAction":[{"@type":"ReadAction","target":["https:\/\/www.tontonrunning.fr\/?page_id=30"]}]},{"@type":"BreadcrumbList","@id":"https:\/\/www.tontonrunning.fr\/?page_id=30#breadcrumb","itemListElement":[{"@type":"ListItem","position":1,"name":"Accueil","item":"https:\/\/www.tontonrunning.fr\/"},{"@type":"ListItem","position":2,"name":"Hall of DNF"}]},{"@type":"WebSite","@id":"https:\/\/www.tontonrunning.fr\/#website","url":"https:\/\/www.tontonrunning.fr\/","name":"Tonton Running","description":"Sport amateur, conseils utiles et humour de daron fatigu&eacute;.","publisher":{"@id":"https:\/\/www.tontonrunning.fr\/#organization"},"potentialAction":[{"@type":"SearchAction","target":{"@type":"EntryPoint","urlTemplate":"https:\/\/www.tontonrunning.fr\/?s={search_term_string}"},"query-input":{"@type":"PropertyValueSpecification","valueRequired":true,"valueName":"search_term_string"}}],"inLanguage":"fr-FR"},{"@type":"Organization","@id":"https:\/\/www.tontonrunning.fr\/#organization","name":"Tonton Running","url":"https:\/\/www.tontonrunning.fr\/","logo":{"@type":"ImageObject","inLanguage":"fr-FR","@id":"https:\/\/www.tontonrunning.fr\/#\/schema\/logo\/image\/","url":"https:\/\/www.tontonrunning.fr\/wp-content\/uploads\/2026\/05\/Tontonrunning.png","contentUrl":"https:\/\/www.tontonrunning.fr\/wp-content\/uploads\/2026\/05\/Tontonrunning.png","width":1254,"height":1254,"caption":"Tonton Running"},"image":{"@id":"https:\/\/www.tontonrunning.fr\/#\/schema\/logo\/image\/"}}]}},"_links":{"self":[{"href":"https:\/\/www.tontonrunning.fr\/index.php?rest_route=\/wp\/v2\/pages\/30","targetHints":{"allow":["GET"]}}],"collection":[{"href":"https:\/\/www.tontonrunning.fr\/index.php?rest_route=\/wp\/v2\/pages"}],"about":[{"href":"https:\/\/www.tontonrunning.fr\/index.php?rest_route=\/wp\/v2\/types\/page"}],"author":[{"embeddable":true,"href":"https:\/\/www.tontonrunning.fr\/index.php?rest_route=\/wp\/v2\/users\/1"}],"replies":[{"embeddable":true,"href":"https:\/\/www.tontonrunning.fr\/index.php?rest_route=%2Fwp%2Fv2%2Fcomments&post=30"}],"version-history":[{"count":8,"href":"https:\/\/www.tontonrunning.fr\/index.php?rest_route=\/wp\/v2\/pages\/30\/revisions"}],"predecessor-version":[{"id":50,"href":"https:\/\/www.tontonrunning.fr\/index.php?rest_route=\/wp\/v2\/pages\/30\/revisions\/50"}],"wp:attachment":[{"href":"https:\/\/www.tontonrunning.fr\/index.php?rest_route=%2Fwp%2Fv2%2Fmedia&parent=30"}],"curies":[{"name":"wp","href":"https:\/\/api.w.org\/{rel}","templated":true}]}}